381075.
5
What is the highest common factor of 426 and 2910?
6
Calculate the highest common factor of 364091070 and 1960.
490
Calculate the highest common divisor of 25219874 and 5202.
578
Calculate the greatest common factor of 1080 and 11871.
9
Calculate the greatest common divisor of 107 and 148589616.
107
Calculate the highest common divisor of 479410 and 35908.
382
Calculate the greatest common divisor of 385341 and 19173.
33
Calculate the highest common factor of 124013791 and 99.
11
What is the highest common factor of 45676540 and 2912?
364
What is the greatest common divisor of 209627 and 1243550?
3553
Calculate the highest common factor of 8475930 and 5535.
1845
What is the highest common factor of 10868 and 118974713?
2717
Calculate the highest common factor of 17769375 and 641875.
8125
Calculate the greatest common divisor of 335208543 and 6.
3
What is the highest common factor of 179781 and 2793?
147
What is the highest common factor of 50550 and 11584038?
2022
What is the greatest common divisor of 13933444 and 84?
28
What is the greatest common divisor of 193500 and 4737740?
860
What is the highest common factor of 561934583 and 2653?
2653
Calculate the greatest common divisor of 273500 and 12620.
20
What is the highest common divisor of 170864570 and 11370?
3790
What is the greatest common divisor of 41998404 and 9324?
3108
Calculate the greatest common divisor of 1682032 and 50.
2
What is the highest common factor of 3560 and 2264633480?
3560
What is the greatest common divisor of 217765809 and 11334?
5667
Calculate the greatest common factor of 14671930 and 1246.
14
What is the greatest common factor of 1799 and 211947643?
257
What is the highest common divisor of 3159 and 592527?
39
What is the greatest common factor of 4254 and 2056336806?
4254
What is the greatest common divisor of 21669690 and 56?
14
What is the greatest common factor of 66303 and 101583?
9
What is the greatest common divisor of 453 and 463304391?
453
What is the greatest common factor of 78660 and 209988?
684
What is the greatest common divisor of 188524 and 7672?
28
What is the greatest common factor of 3463313 and 14?
7
Calculate the highest common divisor of 786 and 334916958.
786
What is the highest common divisor of 2066038 and 61766?
694
What is the highest common factor of 7690 and 598410?
10
Calculate the greatest common factor of 216112 and 1292516.
4156
What is the greatest common factor of 61308 and 1316943?
1179
What is the highest common divisor of 825207 and 52521?
123
Calculate the greatest common factor of 4495376 and 764.
764
What is the highest common factor of 1956911117 and 763?
763
What is the greatest common divisor of 28795 and 294152?
443
What is the greatest common factor of 23852598 and 2310?
462
What is the highest common factor of 95115 and 124593?
51
Calculate the highest common divisor of 368 and 34427711.
23
Calculate the highest common factor of 75 and 12096925.
25
Calculate the highest common divisor of 1701 and 23385663.
63
Calculate the highest common factor of 1347570 and 1484.
14
Calculate the highest common factor of 54 and 26048016.
18
Calculate the greatest common divisor of 374 and 790761103.
187
Calculate the greatest common factor of 129 and 3857611356.
129
Calculate the highest common factor of 28135 and 277709.
331
Calculate the greatest common divisor of 2499 and 159517001.
833
What is the greatest common factor of 64081822 and 1218?
406
What is the highest common factor of 622925 and 23525?
25
Calculate the greatest common factor of 359448 and 40814968.
7048
What is the greatest common divisor of 98636635 and 2923?
2923
What is the highest common divisor of 192 and 5114768?
16
Calculate the highest common factor of 133386 and 38616798.
3102
Calculate the highest common divisor of 26416961 and 134.
67
Calculate the greatest common factor of 138184680 and 20.
20
Calculate the highest common factor of 20860 and 5572.
28
What is the highest common divisor of 23832684 and 216?
108
What is the highest common factor of 252 and 130938087?
21
Calculate the greatest common divisor of 3684303 and 3255.
21
What is the greatest common divisor of 986832 and 119259?
63
What is the greatest common divisor of 789 and 108170059?
263
Calculate the greatest common factor of 1007 and 11395212.
1007
Calculate the highest common factor of 42 and 20043982.
14
What is the highest common divisor of 1045 and 135098645?
1045
What is the highest common factor of 9841 and 460811?
13
What is the highest common factor of 115 and 2117780?
5
Calculate the greatest common divisor of 14036 and 3029804.
116
Calculate the greatest common factor of 1127 and 12559631.
49
Calculate the greatest common divisor of 233479 and 104912.
83
Calculate the highest common divisor of 3197334 and 1984962.
11886
Calculate the highest common factor of 15012164 and 1424.
356
What is the highest common factor of 54 and 1942500?
6
What is the greatest common factor of 1651 and 994283?
127
Calculate the greatest common divisor of 12 and 477260724.
12
Calculate the highest common factor of 288 and 383671584.
288
What is the highest common factor of 94485 and 3675?
15
Calculate the greatest common factor of 111 and 34434457.
37
Calculate the greatest common factor of 3482656 and 43.
43
Calculate the highest common factor of 24783 and 4092.
33
Calculate the highest common factor of 84420 and 89452370.
4690
Calculate the greatest common factor of 9 and 5918034.
3
What is the highest common factor of 86994 and 23336946?
3222
Calculate the highest common factor of 9310 and 4163530.
490
What is the highest common divisor of 2078372 and 37381?
29
Calculate the greatest common factor of 1100 and 21317450.
550
What is the highest common factor of 1011136 and 474824?
3416
What is the highest common divisor of 2210312 and 9624?
3208
What is the greatest common factor of 90450 and 1237301730?
18090
Calculate the greatest common factor of 32 and 40239376.
16
What is the highest common divisor of 170638977 and 2319?
2319
What is the highest common divisor of 25746 and 63070?
14
What is the highest common factor of 668904 and 5640?
1128
What is the highest common divisor of 4404 and 108412167?
1101
What is the greatest common divisor of 23944568 and 4250?
34
Calculate the highest common divisor of 132600 and 781014.
1326
Calculate the highest common factor of 21095490 and 20.
10
Calculate the highest common divisor of 228695645 and 170.
85
What is the highest common factor of 135606 and 128622?
582
Calculate the highest common divisor of 6411616 and 112.
16
Calculate the greatest common factor of 493040 and 3080.
40
What is the greatest common divisor of 1362870 and 5472?
342
What is the greatest common divisor of 860505 and 120?
15
What is the greatest common factor of 54 and 13354488?
18
What is the greatest common factor of 15531174 and 107262?
1818
What is the highest common divisor of 549 and 7453590?
183
What is the highest common divisor of 2838849 and 507?
39
Calculate the greatest common factor of 17880284 and 20.
4
What is the highest common factor of 82 and 2316500?
82
Calculate the highest common factor of 24370 and 1280.
10
What is the greatest common divisor of 234013201 and 12742?
6371
Calculate the greatest common divisor of 3586852 and 188.
188
What is the highest common divisor of 176 and 7141640?
88
Calculate the highest common factor of 148566 and 100650.
66
Calculate the greatest common factor of 50090576 and 3824.
3824
What is the highest common divisor of 228745 and 5115?
55
What is the greatest common factor of 36468679 and 12493?
403
Calculate the highest common factor of 25792 and 22337536.
832
Calculate the greatest common divisor of 85911 and 5494213.
4091
What is the greatest common factor of 154998822 and 4402?
4402
What is the greatest common divisor of 40404 and 5441982?
546
Calculate the highest common divisor of 280802 and 16.
2
What is the highest common divisor of 690 and 131169?
69
Calculate the highest common factor of 49717156 and 95112.
5284
Calculate the greatest common factor of 3 and 12357774.
3
What is the highest common factor of 7308 and 690538401?
1827
Calculate the greatest common factor of 588 and 725172.
84
What is the greatest